at is the tens digit of j?
0
Suppose 4214 = 11*a + 3*a. Suppose 5 = 4*h - 7. Suppose h*u - a = 2*q, q = 4*u - 347 - 56. What is the hundreds digit of u?
1
What is the tens digit of (-302)/(-1057) - 2*(-53523)/42?
4
Let m = 6762 - -16273. What is the ten thousands digit of m?
2
Let a(t) = 7*t**2 - 3*t + 2. Let k(w) = -w**2 + 13*w + 46. Let b be (-33)/(-2) - 15/30. Let n be k(b). What is the tens digit of a(n)?
3
Let k = -4230 - -13600. What is the units digit of k?
0
Suppose 68 - 324 = 16*o. What is the units digit of 16 + o - (1 - 58)?
7
Let g(q) = 29*q + 7. Let d be g(3). Suppose 5*i + d = -4*o + 3*o, 5*o + 416 = 2*i. Let c = o + 150. What is the units digit of c?
6
Let o(c) = 23*c - 9. Let k(v) be the first derivative of 3*v**4/4 - v**2 + v - 1. Let n be k(1). What is the units digit of o(n)?
7
Let f be (-35)/(-21) - 2/(-6). Suppose -2*s + 4*x + 28 = -724, 5*x + 755 = f*s. Let p = 521 - s. What is the tens digit of p?
5
Let w = -59 + 55. Let o be 574 - (3 + -8 - w). Suppose -15*r + 10*r + o = 0. What is the hundreds digit of r?
1
Suppose 35*y - 273777 + 75292 = 0. Suppose -y = -4*a - 607. What is the units digit of a?
6
Suppose -326366 = -29*s + 132762. What is the tens digit of s?
3
Suppose 0 = 6*p - p - 315. Let d = p + -60. Suppose d*t = 2*x + t - 120, 20 = -4*t. What is the tens digit of x?
5
Suppose -4 + 32 = 4*c. Let z(w) be the second derivative of 7*w**3/2 - 3*w**2/2 - 3*w + 61. What is the units digit of z(c)?
4
Let w = 568 - 303. Let s = w + 3. What is the units digit of s?
8
Let y be (-2)/((4/28)/1). Let h = y + 12. What is the tens digit of 2/(-8) + 177*h/(-8)?
4
Suppose -5*p = -5*o + 25, 5*o + 5*p = p - 20. Suppose -27 = -3*i - o. Suppose -2925 = -i*s - 1161. What is the tens digit of s?
9
Let n(m) = 31*m. Suppose -5*h - 6 = -2*z + 10, -5 = -z + h. Let l = -2 + z. What is the units digit of n(l)?
1
Let a(s) = 39*s**3 - 3*s + 2. Suppose 2*b - 7 = -5*f - 39, 2*f + 20 = -2*b. Let r be ((-12)/(-18))/((-4)/b). What is the units digit of a(r)?
8
Suppose 20641 - 26040 = 43*o - 169143. What is the units digit of o?
8
Let p(a) = 5986*a**2 + 56*a + 1. What is the units digit of p(1)?
3
Let u = 720 - 736. Let o(q) = -39*q - 103. What is the units digit of o(u)?
1
Let w(o) = 73*o**2 - 358*o + 9. What is the tens digit of w(9)?
0
Let t = -72 - -76. Suppose 3*q + 29 = t*x, 0 = 5*x - 3*x + 3*q - 19. Suppose 2*h - x*h + 1170 = 0. What is the tens digit of h?
9
Suppose 18340 = 5*a - 17015. What is the thousands digit of a?
7
What is the ten thousands digit of ((-3695006)/(-228) - -1*8) + 1/(-6)?
1
Suppose -8*t + 4*t + 3076 = 0. Suppose 5*m + h - t + 306 = 0, 0 = 5*h - 15. Suppose -36*b + m = -35*b. What is the units digit of b?
2
Let d(x) be the first derivative of -x**3/3 - 19*x**2/2 + 17*x - 66. What is the tens digit of d(-14)?
8
Suppose -10*d + 5*d - 10 = 0, -2*v + 50938 = 2*d. What is the tens digit of v?
7
Suppose 72*a = 48*a + 100080. What is the hundreds digit of a?
1
Let d = 50678 + 5772. What is the ten thousands digit of d?
5
Suppose 4*d + 16 = 0, 3*s = 4*s + 3*d - 3858. Suppose -34*y + 9288 = -s. What is the units digit of y?
7
Suppose 5*j + 4*d - 398 = 180, -3*j - 2*d = -346. Suppose z - 270 + j = 0. What is the units digit of z?
6
Let a be -1*3/12*2*-204. Suppose 14*j = 15*j - a. What is the units digit of (1 - (6 - 3)) + j?
0
Let p = -124 + 129. Suppose -981 = -p*v + 324. What is the hundreds digit of v?
2
Let r be (-3 + 4)/((-8)/(-40)) + 0. Let f(v) = 7*v**2 + 17*v + 2. What is the hundreds digit of f(r)?
2
Suppose 3*y + 376 = b, 3*b - 1198 = -65*y + 60*y. What is the units digit of b?
1
Suppose -126*t + 118*t = -89008. Suppose 0 = -17*m - 3901 + t. What is the units digit of m?
5
Suppose 14*n = -0*n + 364. Suppose 29 + n = x. What is the units digit of x?
5
Suppose -2*n = -3*f + 101021, -27 = 3*n - 15. What is the units digit of f?
1
Let s be (-18)/(-4) + (-4)/(-8). Suppose s*g - 7*g + 1144 = 0. What is the tens digit of g?
7
Suppose 17*b = -0*b - 34. What is the tens digit of 596/(-8)*b*(-8)/(-2)?
9
Let s = 5996 + -2958. What is the hundreds digit of s?
0
Let p = -10537 - -15619. What is the tens digit of p?
8
Let p be (-4 - -8)*(1 + 71). Let k = -150 + p. What is the hundreds digit of k?
1
Let c = -210 - -214. Suppose 0*g + 5*p = g - 206, 3*g - c*p - 563 = 0. What is the tens digit of g?
8
Let y(v) = -2*v**2 + 48*v - 38. Suppose 0 = 5*i - 10*i + 115. What is the units digit of y(i)?
8
Let w(h) be the first derivative of 19*h**2/2 - 6*h - 3. Let z be w(6). What is the units digit of (z/30)/((-4)/(-10))?
9
Let n(f) = 45*f + 40. Let z be n(-10). What is the units digit of (1 - z) + 1/((-2)/(-4))?
3
Let i(z) = z**3 - 8*z**2 + 19*z - 8. Let l be i(5). Suppose -11 = -l*t + 85. Let m(s) = 3*s + 38. What is the units digit of m(t)?
2
Suppose -29*z + 26*z + 15 = 0. Suppose y - 3*n - 11 = 0, 3*y - z*n - 11 = 10. Suppose 7*u - 4*u - 55 = -y*j, 2*j = u - 13. What is the tens digit of u?
1
What is the tens digit of (167059/(-93))/((-4)/24)?
7
Let v(h) be the second derivative of -h**5/10 - 2*h**4/3 - h**3/6 - 3*h**2 - 13*h. What is the tens digit of v(-7)?
9
Let t(s) = 37*s - 278. What is the units digit of t(31)?
9
Let d(v) = 3*v**2 + 14*v - 59. What is the tens digit of d(-15)?
0
Let m = 1657 + -784. Let u = m + -550. What is the hundreds digit of u?
3
Let v = -101 + 173. Suppose -64*z = -v*z + 4120. What is the hundreds digit of z?
5
Let o(c) = c**3 + 8*c**2 - 4. Let h be o(-9). Let k be (5 + h/15)/(4/(-54)). What is the tens digit of 4/6 - 1*(-174)/k?
2
Suppose -4*p - j + 5 = 0, 2*j = -3*p + 7 + 3. Suppose p = -51*x + 47*x + 4. What is the units digit of (24 - 14) + x + 3?
4
Let z(q) = 2*q**2 - 9 + 4*q**2 + 11*q - 32*q + 0*q. What is the units digit of z(12)?
3
Let r = 74 + -75. Let b be ((-2 - -5) + -4)/(r/411). Let d = -213 + b. What is the units digit of d?
8
Let j = -414 + 414. Suppose j = -629*m + 615*m + 5796. What is the tens digit of m?
1
Let k(q) = 4*q**2 - 11*q + 5. Let a be k(3). Let f(l) = -l**3 + 8*l**2 + 7. Let r be f(a). Suppose -4*z - r + 71 = 0. What is the units digit of z?
6
Suppose 11*u = 7*u + 8. Suppose 693 + 683 = u*g. Suppose -22 = -5*a + g. What is the tens digit of a?
4
Let u(h) = -12*h**3 + 13*h**2 + 392*h + 4650. What is the units digit of u(-12)?
4
Suppose -19*b + 107 = -18*b. Suppose b - 514 = -l. What is the hundreds digit of l?
4
Let b be -2 + 3 + (5 - 6). Suppose -4*t + 364 = -4*p, 2*p + b*p + 87 = t. Suppose 0 = -u - 3, -u = -2*s + 2*u + t. What is the units digit of s?
3
Let l = 46 - 49. Let h be (-1 + 2*l)*(-90)/315. Suppose 2*u - 12 = -h*u - b, 3*u - 20 = 2*b. What is the units digit of u?
4
Let y = 1112 + -606. What is the units digit of (y/8 - 8)/(2/24)?
3
Let s(v) be the third derivative of 12*v**2 + 3/8*v**4 + 0 + 11/6*v**3 + 0*v. What is the tens digit of s(4)?
4
Suppose -5*o + 155040 = -2*j + 39412, -4*o - 4*j + 92508 = 0. What is the ten thousands digit of o?
2
Let h be 3/9 - (-3)/((-27)/2874). Let k = h + 607. What is the hundreds digit of k?
2
Suppose 0 = 4*l - 2*w - 22038, 36*w - 40*w = -2*l + 11028. What is the units digit of l?
8
Suppose u + 24 - 271 = 0. Let t = u + 641. What is the units digit of t?
8
Let y(n) = -12*n - 118. Let q be y(-27). Let b = q - -39. What is the units digit of b?
5
Let n = 41 - 90. Let t = n - -53. Suppose -2*x + 3*p + 270 = 0, -3*x - p - 133 = -t*x. What is the hundreds digit of x?
1
Suppose -3008 - 8979 = -x + w, x - 11979 = 5*w. Suppose 1943 = 9*j - x. What is the tens digit of j?
4
Let p(f) = f**2. Let g be p(2). Suppose -1524 = g*i + 2*y + 2254, -i + 5*y = 950. Let u = -637 - i. What is the tens digit of u?
0
Suppose 33*d + 39876 = 205932. What is the thousands digit of d?
5
Let d(k) = 2*k**2 - k**3 - 47*k - 27*k**2 - 110 + 129. What is the tens digit of d(-23)?
4
Let m be ((-4)/((-16)/(-12)))/1. Let b(o) = -607*o + 14. Let h be b(m). What is the tens digit of h/45 + 8/36?
4
Let k(x) = -x**2 + 36*x - 191. Let q be k(17). Suppose 2*i - 278 = 262. Let b = i - q. What is the hundreds digit of b?
1
Let q(h) = h**2 + h - 12. Let m = 152 - 89. Suppose -18*w + 25*w - m = 0. What is the tens digit of q(w)?
7
What is the hundreds digit of 338690/24 - (-45 - -17)/(-336)?
1
Suppose -29 = -3*y - 11. Let l be (20/y)/((-16)/(-24)). Suppose -l*u + 256 = 2*w, -5*u + 